4127394?
4
What is the hundred thousands digit of 164872012?
8
What is the hundred thousands digit of 1968958639?
9
What is the tens digit of 21101084?
8
What is the hundreds digit of 1516678531?
5
What is the ten thousands digit of 10349070?
4
What is the millions digit of 260969888?
0
What is the ten thousands digit of 40181389?
8
What is the thousands digit of 2756573?
6
What is the hundred thousands digit of 874895244?
8
What is the hundred thousands digit of 885738392?
7
What is the hundreds digit of 1289898486?
4
What is the thousands digit of 1716766716?
6
What is the ten thousands digit of 364048963?
4
What is the units digit of 45486619?
9
What is the hundred thousands digit of 2981113070?
1
What is the tens digit of 22206928?
2
What is the units digit of 91808579?
9
What is the hundred millions digit of 965771089?
9
What is the hundred thousands digit of 123924684?
9
What is the hundred thousands digit of 58841931?
8
What is the ten millions digit of 102806205?
0
What is the hundred thousands digit of 2351161?
3
What is the thousands digit of 368505420?
5
What is the thousands digit of 543145938?
5
What is the tens digit of 3634466533?
3
What is the units digit of 21649674?
4
What is the ten thousands digit of 126865050?
6
What is the units digit of 7111681?
1
What is the hundred millions digit of 151756284?
1
What is the hundred thousands digit of 2451391016?
3
What is the hundreds digit of 751106089?
0
What is the ten millions digit of 1327414041?
2
What is the billions digit of 3746248828?
3
What is the thousands digit of 68577316?
7
What is the hundred thousands digit of 849451757?
4
What is the ten thousands digit of 38924420?
2
What is the thousands digit of 291590745?
0
What is the hundreds digit of 62521646?
6
What is the units digit of 1691479444?
4
What is the tens digit of 46036284?
8
What is the hundreds digit of 47358584?
5
What is the tens digit of 338683169?
6
What is the units digit of 260875250?
0
What is the thousands digit of 1415770275?
0
What is the hundred thousands digit of 68591475?
5
What is the thousands digit of 15976145?
6
What is the units digit of 30108851?
1
What is the hundreds digit of 77126090?
0
What is the tens digit of 27027395?
9
What is the hundred thousands digit of 21570019?
5
What is the thousands digit of 228891472?
1
What is the tens digit of 45313912?
1
What is the ten millions digit of 2859350327?
5
What is the hundred thousands digit of 47887799?
8
What is the ten thousands digit of 468722110?
2
What is the units digit of 727812251?
1
What is the ten millions digit of 40395863?
4
What is the thousands digit of 1313607288?
7
What is the ten millions digit of 28976216?
2
What is the hundred thousands digit of 64896458?
8
What is the millions digit of 365248768?
5
What is the hundred thousands digit of 114660270?
6
What is the thousands digit of 54879004?
9
What is the ten thousands digit of 325872986?
7
What is the hundred millions digit of 3903253622?
9
What is the hundreds digit of 687092077?
0
What is the ten thousands digit of 152225532?
2
What is the thousands digit of 1150284526?
4
What is the thousands digit of 539140847?
0
What is the hundred thousands digit of 4565717907?
7
What is the millions digit of 57332966?
7
What is the ten millions digit of 764430374?
6
What is the tens digit of 4482720273?
7
What is the thousands digit of 27209729?
9
What is the hundreds digit of 59711215?
2
What is the units digit of 6175048113?
3
What is the ten millions digit of 1707393946?
0
What is the units digit of 42868037?
7
What is the thousands digit of 717853457?
3
What is the ten thousands digit of 663667794?
6
What is the hundred millions digit of 879391082?
8
What is the hundred thousands digit of 61781193?
7
What is the millions digit of 763192199?
3
What is the tens digit of 89776045?
4
What is the hundreds digit of 2942648901?
9
What is the ten millions digit of 99832202?
9
What is the hundreds digit of 551103199?
1
What is the tens digit of 78049347?
4
What is the tens digit of 102166937?
3
What is the ten millions digit of 350461179?
5
What is the hundred thousands digit of 43168552?
1
What is the hundred thousands digit of 5401884?
4
What is the hundred thousands digit of 1877376921?
3
What is the units digit of 505971310?
0
What is the units digit of 86101615?
5
What is the tens digit of 1168000887?
8
What is the hundreds digit of 102652109?
1
What is the ten thousands digit of 2337275134?
7
What is the billions digit of 3187856370?
3
What is the ten millions digit of 337540504?
3
What is the thousands digit of 226074328?
4
What is the ten millions digit of 295877447?
9
What is the thousands digit of 2632209829?
9
What is the units digit of 377475775?
5
What is the hundred millions digit of 295504224?
2
What is the ten millions digit of 295233819?
9
What is the ten millions digit of 947189980?
4
What is the ten millions digit of 563509698?
6
What is the millions digit of 3705919?
3
What is the hundreds digit of 244081111?
1
What is the hundred thousands digit of 17473751?
4
What is the ten thousands digit of 187067805?
6
What is the thousands digit of 157700782?
0
What is the ten millions digit of 135153853?
3
What is the millions digit of 387822219?
7
What is the tens digit of 86250104?
0
What is the hundreds digit of 157574304?
3
What is the hundreds digit of 26928648?
6
What is the thousands digit of 859682070?
2
What is the billions digit of 1285231998?
1
What is the ten thousands digit of 3000622?
0
What is the hundred thousands digit of 162841319?
8
What is the tens digit of 3063007497?
9
What is the hundred millions digit of 4486273793?
4
What is the tens digit of 40700360?
6
What is the ten millions digit of 1398543495?
9
What is the billions digit of 1456176778?
1
What is the hundreds digit of 274722003?
0
What is the ten thousands digit of 30254562?
5
What is the hundred thousands digit of 8395452?
3
What is the units digit of 1874524702?
2
What is the billions digit of 2335796372?
2
What is the ten thousands digit of 60759135?
5
What is the hundreds digit of 193748999?
9
What is the thousands digit of 1240382655?
2
What is the thousands digit of 27008237?
8
What is the hundred millions digit of 4829788580?
8
What is the units digit of 128991124?
4
What is the millions digit of 65120278?
5
What is the ten millions digit of 4341467716?
4
What is the ten millions digit of 28819665?
2
What is the ten millions digit of 1858370594?
5
What is the hundred millions digit of 3511379750?
5
What is the hundreds digit of 666691280?
2
What is the hundred thousands digit of 9526289?
5
What is the thousands digit of 5434348820?
8
What is the units digit of 28253496?
6
What is the tens digit of 888416810?
1
What is the thousands digit of 1691146118?
6
What is the hundreds digit of 501720732?
7
What is the hundred thousands digit of 316942014?
9
What is the ten millions digit of 100949314?
0
What is the ten thousands digit of 137729350?
2
What is the units digit of 43680771?
1
What is the hundred millions digit of 1098025710?
0
What is the thousands digit of 351094995?
4
What is the thousands digit of 540899344?
9
What is the tens digit of 19369764?
6
What is the ten thousands digit of 289557315?
5
What is the ten thousands digit of 38694702?
9
What is the units digit of 268725203?
3
What is the ten millions digit of 142001044?
4
What is the units digit of 1476831925?
5
What is the hundred thousands digit of 1134131801?
1
What is the units digit of 1077210696?
6
What is the thousands digit of 93741107?
1
What is the millions digit of 267599704?
7
What is the hundred thousands digit of 2763132667?
1
What is the hundred thousands digit of 52140241?
1
What is the units digit of 4163231825?
5
What is the ten millions digit of 55235214?
5
What is the thousands digit of 573950768?
0
What is the ten thousands digit of 19560851?
6
What is the hundreds digit of 1288870876?
8
What is the units digit of 10640062?
2
What is the units digit of 1070369262?
2
What is the thousands digit of 3471768335?
8
What is the units digit of 44861642?
2
What is the units digit of 2069516190?
0
What is the millions digit of 1483463931?
3
What is the hundred millions digit of 213451891?
2
What is the hundred thous